{"id":950,"date":"2025-07-08T20:40:43","date_gmt":"2025-07-08T19:40:43","guid":{"rendered":"https:\/\/sukeladefamke.nl\/index.php\/eerlijke-koffie-en-cacao-uit-peru-deutsch\/"},"modified":"2025-08-13T11:49:06","modified_gmt":"2025-08-13T09:49:06","slug":"faire-kaffee-und-kakao-aus-peru","status":"publish","type":"page","link":"https:\/\/sukeladefamke.nl\/index.php\/de\/faire-kaffee-und-kakao-aus-peru\/","title":{"rendered":"Eerlijke koffie en cacao uit Peru &#8211; Deutsch"},"content":{"rendered":"\n<div class=\"wp-block-group alignfull has-base-background-color has-background has-extra-small-font-size has-global-padding is-layout-constrained wp-container-core-group-is-layout-12243e0f wp-block-group-is-layout-constrained\">\n\n\n\n<h1 class=\"wp-block-heading\" style=\"margin-top:0;margin-right:0;margin-bottom:0;margin-left:0\"><strong>It S\u00fbkelade Famke, Faire Kaffee und Kakao aus Peru<\/strong><\/h1>\n\n\n\n<p class=\"has-text-align-left\"><strong>Herzlich wilkommen bei It S\u00fbkelade Famke f\u00fcr all Ihren Kaffee und Kakao.<\/strong><br>Wir liefern Rohkaffee und Kakaobohnen an alle, die Bohnen mit klarer Herkunft und einer \u00fcberzeugenden Geschichte suchen. Wir importieren diesen fairen Kaffee und Kakao aus Peru direkt von Kleinbauern, die ihr Handwerk mit Leidenschaft aus\u00fcben. Dank kurzer Lieferketten garantieren wir fairen Handel, Transparenz und Qualit\u00e4t von Farm zu Unternehmen.<br>Die Wahl von It S\u00fbkelade Famke bedeutet direkte Zusammenarbeit, Zuverl\u00e4ssigkeit und ein Produkt, das Liebe zum Detail und handwerkliches K\u00f6nnen ausstrahlt. Ideal f\u00fcr alle, die Wert auf Handwerkskunst, Nachhaltigkeit und Einzigartigkeit legen.<\/p>\n\n\n\n<div class=\"wp-block-cover alignfull has-parallax\"><div role=\"img\" aria-label=\"Groene koffiebonen\" class=\"wp-block-cover__image-background wp-image-530 size-large has-parallax\" style=\"background-position:50% 50%;background-image:url(https:\/\/sukeladefamke.nl\/wp-content\/uploads\/2025\/06\/koffiebonenongebrandcut-1024x551.jpg)\"><\/div><span aria-hidden=\"true\" class=\"wp-block-cover__background has-background-dim-20 has-background-dim\" style=\"background-color:#857663\"><\/span><div class=\"wp-block-cover__inner-container has-global-padding is-layout-constrained wp-block-cover-is-layout-constrained\">\n<p class=\"has-text-align-center has-base-color has-text-color has-link-color has-xx-large-font-size wp-elements-66f8f51b2ca95a807e9ac1e6dda81bac\"><strong><a href=\"https:\/\/sukeladefamke.nl\/index.php\/de\/ongebrande-koffiebonen-uit-peru-deutch\/\">Kaffeebohnen<\/a><\/strong><\/p>\n<\/div><\/div>\n\n\n\n<h2 class=\"wp-block-heading\"><strong>Kaffee mit Charakter, direct aus Peru<\/strong><\/h2>\n\n\n\n<p>Wenn Sie Wert auf Qualit\u00e4t und Herkunft legen, sind Sie bei uns genau richtig. Unsere Bohnen werden sorgf\u00e4ltig nach Herkunft, Geschmacksprofil und Beziehung zum Bauern ausgew\u00e4hlt. Das macht sie ideal f\u00fcr alle, die ihre eigenen Bohnen r\u00f6sten oder ihren Kunden eine besondere Auswahl anbieten m\u00f6chten. F\u00fcr alle, die gebrauchsfertige Kaffeebohnen bevorzugen, r\u00f6sten wir unsere Bohnen auch selbst.<\/p>\n\n\n\n<div class=\"wp-block-buttons is-layout-flex wp-block-buttons-is-layout-flex\">\n<div class=\"wp-block-button\"><a class=\"wp-block-button__link has-base-color has-text-color has-link-color wp-element-button\" href=\"https:\/\/sukeladefamke.nl\/index.php\/de\/ongebrande-koffiebonen-uit-peru-deutch\/\">Mehr \u00fcber unsere Kaffeebohnen<\/a><\/div>\n<\/div>\n\n\n\n<div class=\"wp-block-cover alignfull has-parallax\"><div role=\"img\" aria-label=\"De gele criollo cacaobonen met een superieure kwaliteit\" class=\"wp-block-cover__image-background wp-image-954 size-large has-parallax\" style=\"background-position:50% 50%;background-image:url(https:\/\/sukeladefamke.nl\/wp-content\/uploads\/2025\/07\/cacaobonen-onderscheid-criollo2-768x1024.jpeg)\"><\/div><span aria-hidden=\"true\" class=\"wp-block-cover__background has-background-dim-20 has-background-dim\" style=\"background-color:#75726d\"><\/span><div class=\"wp-block-cover__inner-container has-global-padding is-layout-constrained wp-block-cover-is-layout-constrained\">\n<p class=\"has-text-align-center has-base-color has-text-color has-link-color has-xx-large-font-size wp-elements-cad96fdeb308b5d1ba6a9495c8cb1ae8\"><strong><a href=\"https:\/\/sukeladefamke.nl\/index.php\/de\/kakaobohnen-aus-peru-deutch\/\">Roher Kakao<\/a><\/strong><\/p>\n<\/div><\/div>\n\n\n\n<h2 class=\"wp-block-heading\"><strong>Kakaobohnen f\u00fcr Schokoladenliebhaber und Feinschmecker<\/strong><\/h2>\n\n\n\n<p>Auch unsere hochwertigen Criollo-Kakaobohnen stammen direkt aus Peru. Criollo-Kakao ist eine einzigartige und seltene Kakaosorte, die f\u00fcr ihren raffinierten Geschmack, ihr komplexes Aroma und ihre hohe Qualit\u00e4t gesch\u00e4tzt wird. Kakao ist au\u00dferdem f\u00fcr seine gesundheitsf\u00f6rdernden Eigenschaften bekannt. Er ist ein wahres Superfood voller Antioxidantien und N\u00e4hrstoffe.<\/p>\n\n\n\n<div class=\"wp-block-buttons is-layout-flex wp-block-buttons-is-layout-flex\">\n<div class=\"wp-block-button\"><a class=\"wp-block-button__link has-base-color has-text-color has-link-color wp-element-button\" href=\"https:\/\/sukeladefamke.nl\/index.php\/de\/kakaobohnen-aus-peru-deutch\/\">Mehr \u00fcber unsere Kakaobohnen<\/a><\/div>\n<\/div>\n\n\n\n<div class=\"wp-block-cover alignfull has-parallax\"><div role=\"img\" aria-label=\"eerlijke-cacao-hoge-kwaliteit-criollo-bonen-Peru\" class=\"wp-block-cover__image-background wp-image-1020 size-large has-parallax\" style=\"background-position:50% 50%;background-image:url(https:\/\/sukeladefamke.nl\/wp-content\/uploads\/2025\/07\/onze-criollo-cacaobonen4-1-1024x667.jpg)\"><\/div><span aria-hidden=\"true\" class=\"wp-block-cover__background has-background-dim\" style=\"background-color:#8d7c6a\"><\/span><div class=\"wp-block-cover__inner-container has-global-padding is-layout-constrained wp-block-cover-is-layout-constrained\">\n<p class=\"has-text-align-center has-base-color has-text-color has-link-color has-xx-large-font-size wp-elements-94646d55a920c9ad9dd19a6106227348\">It S\u00fbkelade Famke<\/p>\n<\/div><\/div>\n\n\n\n<h2 class=\"wp-block-heading\"><strong>Warum w\u00e4hlen Sie It S\u00fbkelade Famke?<\/strong><\/h2>\n\n\n\n<p>Bei uns dreht sich alles um Nachhaltigkeit, Ehrlichkeit und Verbundenheit. Wir arbeiten direkt mit Bauern in Peru zusammen und gew\u00e4hrleisten so eine kurze, transparente Lieferkette. So wissen Sie genau, was Sie trinken oder essen und wer es hergestellt hat.<\/p>\n\n\n\n<p><\/p>\n\n\n\n<h2 class=\"wp-block-heading\"><strong>Bitte kontaktieren Sie uns<\/strong><\/h2>\n\n\n\n<p>Wann Sie Fragen haben oder Interesse an einer Zusammenarbeit (zum Beispiel als Gastronom oder Schokoladenhersteller)? Kontaktieren Sie uns gerne \u2013 wir besprechen gerne Ihre W\u00fcnsche.!<\/p>\n\n\n\n<p><a href=\"https:\/\/sukeladefamke.nl\/index.php\/contact\/\">Bitte kontaktieren Sie uns<\/a><\/p>\n\n\n\n<p class=\"has-text-align-center\">\u2615 100% ar\u00e1bica. \ud83d\udc9b 100% fair. \ud83c\udf0d 100% bewusst.<\/p>\n<\/div>\n","protected":false},"excerpt":{"rendered":"<p>It S\u00fbkelade Famke, Faire Kaffee und Kakao aus Peru Herzlich wilkommen bei It S\u00fbkelade Famke f\u00fcr all Ihren Kaffee und Kakao.Wir liefern Rohkaffee und Kakaobohnen an alle, die Bohnen mit klarer Herkunft und einer \u00fcberzeugenden Geschichte suchen. Wir importieren diesen fairen Kaffee und Kakao aus Peru direkt von Kleinbauern, die ihr Handwerk mit Leidenschaft aus\u00fcben.&hellip;<\/p>\n","protected":false},"author":1,"featured_media":0,"parent":0,"menu_order":0,"comment_status":"closed","ping_status":"closed","template":"","meta":{"footnotes":""},"class_list":["post-950","page","type-page","status-publish","hentry"],"yoast_head":"<!-- This site is optimized with the Yoast SEO plugin v27.3 - https:\/\/yoast.com\/product\/yoast-seo-wordpress\/ -->\n<title>Faire Kaffee und Kakao aus Peru | It S\u00fbkelade Famke<\/title>\n<meta name=\"description\" content=\"Faire Kaffee und Kakao aus Peru. Direkter Handel, handwerklich hergestellter Kaffee und Kakao und mit einer ehrlichen Geschichte.\" \/>\n<meta name=\"robots\" content=\"index, follow, max-snippet:-1, max-image-preview:large, max-video-preview:-1\" \/>\n<link rel=\"canonical\" href=\"https:\/\/sukeladefamke.nl\/index.php\/de\/faire-kaffee-und-kakao-aus-peru\/\" \/>\n<meta property=\"og:locale\" content=\"nl_NL\" \/>\n<meta property=\"og:type\" content=\"article\" \/>\n<meta property=\"og:title\" content=\"Faire Kaffee und Kakao aus Peru | It S\u00fbkelade Famke\" \/>\n<meta property=\"og:description\" content=\"Faire Kaffee und Kakao aus Peru. Direkter Handel, handwerklich hergestellter Kaffee und Kakao und mit einer ehrlichen Geschichte.\" \/>\n<meta property=\"og:url\" content=\"https:\/\/sukeladefamke.nl\/index.php\/de\/faire-kaffee-und-kakao-aus-peru\/\" \/>\n<meta property=\"og:site_name\" content=\"It S\u00fbkelade Famke\" \/>\n<meta property=\"article:modified_time\" content=\"2025-08-13T09:49:06+00:00\" \/>\n<meta name=\"twitter:card\" content=\"summary_large_image\" \/>\n<meta name=\"twitter:label1\" content=\"Geschatte leestijd\" \/>\n\t<meta name=\"twitter:data1\" content=\"2 minuten\" \/>\n<script type=\"application\/ld+json\" class=\"yoast-schema-graph\">{\"@context\":\"https:\\\/\\\/schema.org\",\"@graph\":[{\"@type\":\"WebPage\",\"@id\":\"https:\\\/\\\/sukeladefamke.nl\\\/index.php\\\/de\\\/faire-kaffee-und-kakao-aus-peru\\\/\",\"url\":\"https:\\\/\\\/sukeladefamke.nl\\\/index.php\\\/de\\\/faire-kaffee-und-kakao-aus-peru\\\/\",\"name\":\"Faire Kaffee und Kakao aus Peru | It S\u00fbkelade Famke\",\"isPartOf\":{\"@id\":\"https:\\\/\\\/sukeladefamke.nl\\\/#website\"},\"datePublished\":\"2025-07-08T19:40:43+00:00\",\"dateModified\":\"2025-08-13T09:49:06+00:00\",\"description\":\"Faire Kaffee und Kakao aus Peru. Direkter Handel, handwerklich hergestellter Kaffee und Kakao und mit einer ehrlichen Geschichte.\",\"breadcrumb\":{\"@id\":\"https:\\\/\\\/sukeladefamke.nl\\\/index.php\\\/de\\\/faire-kaffee-und-kakao-aus-peru\\\/#breadcrumb\"},\"inLanguage\":\"nl-NL\",\"potentialAction\":[{\"@type\":\"ReadAction\",\"target\":[\"https:\\\/\\\/sukeladefamke.nl\\\/index.php\\\/de\\\/faire-kaffee-und-kakao-aus-peru\\\/\"]}]},{\"@type\":\"BreadcrumbList\",\"@id\":\"https:\\\/\\\/sukeladefamke.nl\\\/index.php\\\/de\\\/faire-kaffee-und-kakao-aus-peru\\\/#breadcrumb\",\"itemListElement\":[{\"@type\":\"ListItem\",\"position\":1,\"name\":\"Home\",\"item\":\"https:\\\/\\\/sukeladefamke.nl\\\/\"},{\"@type\":\"ListItem\",\"position\":2,\"name\":\"Eerlijke koffie en cacao uit Peru &#8211; Deutsch\"}]},{\"@type\":\"WebSite\",\"@id\":\"https:\\\/\\\/sukeladefamke.nl\\\/#website\",\"url\":\"https:\\\/\\\/sukeladefamke.nl\\\/\",\"name\":\"It S\u00fbkelade Famke\",\"description\":\"\",\"publisher\":{\"@id\":\"https:\\\/\\\/sukeladefamke.nl\\\/#organization\"},\"potentialAction\":[{\"@type\":\"SearchAction\",\"target\":{\"@type\":\"EntryPoint\",\"urlTemplate\":\"https:\\\/\\\/sukeladefamke.nl\\\/?s={search_term_string}\"},\"query-input\":{\"@type\":\"PropertyValueSpecification\",\"valueRequired\":true,\"valueName\":\"search_term_string\"}}],\"inLanguage\":\"nl-NL\"},{\"@type\":\"Organization\",\"@id\":\"https:\\\/\\\/sukeladefamke.nl\\\/#organization\",\"name\":\"It S\u00fbkelade Famke\",\"url\":\"https:\\\/\\\/sukeladefamke.nl\\\/\",\"logo\":{\"@type\":\"ImageObject\",\"inLanguage\":\"nl-NL\",\"@id\":\"https:\\\/\\\/sukeladefamke.nl\\\/#\\\/schema\\\/logo\\\/image\\\/\",\"url\":\"https:\\\/\\\/sukeladefamke.nl\\\/wp-content\\\/uploads\\\/2024\\\/02\\\/colibri.png\",\"contentUrl\":\"https:\\\/\\\/sukeladefamke.nl\\\/wp-content\\\/uploads\\\/2024\\\/02\\\/colibri.png\",\"width\":2304,\"height\":2363,\"caption\":\"It S\u00fbkelade Famke\"},\"image\":{\"@id\":\"https:\\\/\\\/sukeladefamke.nl\\\/#\\\/schema\\\/logo\\\/image\\\/\"}}]}<\/script>\n<!-- \/ Yoast SEO plugin. -->","yoast_head_json":{"title":"Faire Kaffee und Kakao aus Peru | It S\u00fbkelade Famke","description":"Faire Kaffee und Kakao aus Peru. Direkter Handel, handwerklich hergestellter Kaffee und Kakao und mit einer ehrlichen Geschichte.","robots":{"index":"index","follow":"follow","max-snippet":"max-snippet:-1","max-image-preview":"max-image-preview:large","max-video-preview":"max-video-preview:-1"},"canonical":"https:\/\/sukeladefamke.nl\/index.php\/de\/faire-kaffee-und-kakao-aus-peru\/","og_locale":"nl_NL","og_type":"article","og_title":"Faire Kaffee und Kakao aus Peru | It S\u00fbkelade Famke","og_description":"Faire Kaffee und Kakao aus Peru. Direkter Handel, handwerklich hergestellter Kaffee und Kakao und mit einer ehrlichen Geschichte.","og_url":"https:\/\/sukeladefamke.nl\/index.php\/de\/faire-kaffee-und-kakao-aus-peru\/","og_site_name":"It S\u00fbkelade Famke","article_modified_time":"2025-08-13T09:49:06+00:00","twitter_card":"summary_large_image","twitter_misc":{"Geschatte leestijd":"2 minuten"},"schema":{"@context":"https:\/\/schema.org","@graph":[{"@type":"WebPage","@id":"https:\/\/sukeladefamke.nl\/index.php\/de\/faire-kaffee-und-kakao-aus-peru\/","url":"https:\/\/sukeladefamke.nl\/index.php\/de\/faire-kaffee-und-kakao-aus-peru\/","name":"Faire Kaffee und Kakao aus Peru | It S\u00fbkelade Famke","isPartOf":{"@id":"https:\/\/sukeladefamke.nl\/#website"},"datePublished":"2025-07-08T19:40:43+00:00","dateModified":"2025-08-13T09:49:06+00:00","description":"Faire Kaffee und Kakao aus Peru. Direkter Handel, handwerklich hergestellter Kaffee und Kakao und mit einer ehrlichen Geschichte.","breadcrumb":{"@id":"https:\/\/sukeladefamke.nl\/index.php\/de\/faire-kaffee-und-kakao-aus-peru\/#breadcrumb"},"inLanguage":"nl-NL","potentialAction":[{"@type":"ReadAction","target":["https:\/\/sukeladefamke.nl\/index.php\/de\/faire-kaffee-und-kakao-aus-peru\/"]}]},{"@type":"BreadcrumbList","@id":"https:\/\/sukeladefamke.nl\/index.php\/de\/faire-kaffee-und-kakao-aus-peru\/#breadcrumb","itemListElement":[{"@type":"ListItem","position":1,"name":"Home","item":"https:\/\/sukeladefamke.nl\/"},{"@type":"ListItem","position":2,"name":"Eerlijke koffie en cacao uit Peru &#8211; Deutsch"}]},{"@type":"WebSite","@id":"https:\/\/sukeladefamke.nl\/#website","url":"https:\/\/sukeladefamke.nl\/","name":"It S\u00fbkelade Famke","description":"","publisher":{"@id":"https:\/\/sukeladefamke.nl\/#organization"},"potentialAction":[{"@type":"SearchAction","target":{"@type":"EntryPoint","urlTemplate":"https:\/\/sukeladefamke.nl\/?s={search_term_string}"},"query-input":{"@type":"PropertyValueSpecification","valueRequired":true,"valueName":"search_term_string"}}],"inLanguage":"nl-NL"},{"@type":"Organization","@id":"https:\/\/sukeladefamke.nl\/#organization","name":"It S\u00fbkelade Famke","url":"https:\/\/sukeladefamke.nl\/","logo":{"@type":"ImageObject","inLanguage":"nl-NL","@id":"https:\/\/sukeladefamke.nl\/#\/schema\/logo\/image\/","url":"https:\/\/sukeladefamke.nl\/wp-content\/uploads\/2024\/02\/colibri.png","contentUrl":"https:\/\/sukeladefamke.nl\/wp-content\/uploads\/2024\/02\/colibri.png","width":2304,"height":2363,"caption":"It S\u00fbkelade Famke"},"image":{"@id":"https:\/\/sukeladefamke.nl\/#\/schema\/logo\/image\/"}}]}},"_links":{"self":[{"href":"https:\/\/sukeladefamke.nl\/index.php\/wp-json\/wp\/v2\/pages\/950","targetHints":{"allow":["GET"]}}],"collection":[{"href":"https:\/\/sukeladefamke.nl\/index.php\/wp-json\/wp\/v2\/pages"}],"about":[{"href":"https:\/\/sukeladefamke.nl\/index.php\/wp-json\/wp\/v2\/types\/page"}],"author":[{"embeddable":true,"href":"https:\/\/sukeladefamke.nl\/index.php\/wp-json\/wp\/v2\/users\/1"}],"replies":[{"embeddable":true,"href":"https:\/\/sukeladefamke.nl\/index.php\/wp-json\/wp\/v2\/comments?post=950"}],"version-history":[{"count":13,"href":"https:\/\/sukeladefamke.nl\/index.php\/wp-json\/wp\/v2\/pages\/950\/revisions"}],"predecessor-version":[{"id":1237,"href":"https:\/\/sukeladefamke.nl\/index.php\/wp-json\/wp\/v2\/pages\/950\/revisions\/1237"}],"wp:attachment":[{"href":"https:\/\/sukeladefamke.nl\/index.php\/wp-json\/wp\/v2\/media?parent=950"}],"curies":[{"name":"wp","href":"https:\/\/api.w.org\/{rel}","templated":true}]}}